9, 0 = 4*x. Let z = y - f. Calculate the highest common divisor of z and 10.
10
Suppose 4 = 2*a, z - 2*a = 3*a + 123. Calculate the highest common factor of 35 and z.
7
Let w(f) = f**3 - 6*f**2 - 8*f + 17. Let c be w(7). Suppose -150 = -c*z + 7*z. Let y be (5/3)/((-1)/(-75)). What is the highest common factor of y and z?
25
Let n(i) = -3*i - 10. Let m be n(-6). Let v = m + -6. What is the greatest common factor of v and 4?
2
Suppose -5*y - 40 = -7*y. Suppose -5*h - y = -x, 2*x = -4*h + 24 + 16. What is the highest common divisor of x and 5?
5
Let g(n) = -n**2 + 28*n + 33. Suppose -5*a - 4*t + 2*t + 130 = 0, 5*t = -25. Let y be g(a). Calculate the highest common factor of y and 11.
11
Suppose -5*j = 13*r - 12*r - 492, 5*j + 3*r = 486. What is the greatest common factor of j and 11?
11
Let j(m) = -5*m - 36. Let b(p) = -4*p - 36. Let q(u) = -7*b(u) + 6*j(u). Let y be q(12). Calculate the greatest common factor of y and 3.
3
Let y = -138 - -145. Let o be ((-8)/y)/(10/(-35)). What is the highest common divisor of o and 2?
2
Let b be ((-16)/(-3))/8*-213. Let y = -25 - b. What is the highest common divisor of 13 and y?
13
Let k = -19 - -41. Suppose -5*m - k = -t, -3*m = -0*m + 12. What is the greatest common factor of t and 4?
2
Suppose 4*u - 273 = s, -3*u - 133 = -5*u - 3*s. Suppose -5*g + 3*g = -34. What is the greatest common factor of g and u?
17
Let j be (15 - 0)*(-6)/(-9). Let a = 8 + -5. Suppose -a*f = -f - j. Calculate the greatest common divisor of f and 40.
5
Let z be (-11)/(66/(-1668)) - 2. What is the greatest common divisor of 12 and z?
12
Suppose 0 = -2*i - 2*y + y + 2716, 0 = 3*i + 2*y - 4075. Calculate the greatest common divisor of 23 and i.
23
Let w(v) = 2*v + 6. Let n be w(6). Let u be (-1)/1*2*315/(-14). What is the highest common factor of u and n?
9
Suppose g = -5*k + 10, 5*k + 5*g - 10*g = 40. What is the highest common divisor of k and 147?
3
Suppose -16*x + 2148 = -1804. Calculate the greatest common factor of 38 and x.
19
Suppose -3*o = 2*o - 1165. Suppose 4*q = 1800 + 980. Suppose -4*x + q = -o. What is the highest common factor of 29 and x?
29
Suppose 4*u + u + 3*q = 77, -2 = 2*q. Let i = u + 64. Calculate the greatest common divisor of 5 and i.
5
Suppose 35 = 4*i + i - 5*o, 5*i + o = 41. Suppose b - 19 = 4*j - 82, b + 15 = j. Let z = j - 0. What is the highest common divisor of i and z?
8
Suppose 5*s - 3*w - 217 = 250, -447 = -5*s - 2*w. What is the greatest common divisor of 169 and s?
13
Let a = -40 + 44. Let q be a/(4/(-3)) - 14/(-2). What is the highest common divisor of 2 and q?
2
Suppose -61*j + 32 = -57*j. Calculate the greatest common divisor of 8 and j.
8
Let p be (-1)/(3 + -2)*(-16 + 15). Let h(g) = 4*g + 18. Let j be h(p). Let o be 2*4*22/4. Calculate the greatest common divisor of o and j.
22
Suppose 399 = 2*c + c + 5*b, 0 = 5*c + 5*b - 675. What is the greatest common factor of 92 and c?
46
Suppose 4*l + 204 = 3*g, -177 = -3*g - 9*l + 4*l. Let j(i) = -3*i - 7. Let x be j(-5). Calculate the highest common factor of x and g.
8
Let u = -1413 + 1424. Suppose -444 = 4*c - c. Let z = -104 - c. Calculate the greatest common factor of z and u.
11
Suppose -5*w = 2*l - 2015, -4*w - 400 = -5*w - l. What is the highest common divisor of 45 and w?
45
Let v(j) = -22*j - 4. Let a be v(-1). Suppose -2*k + 3*k = -2*p + a, 3*k = -6. What is the greatest common divisor of 4 and p?
2
Let l(q) = 2*q**2 - 24*q + 84. Let j be l(-21). What is the highest common divisor of j and 42?
42
Let f = 1608 - 1592. Let i(k) = 4*k**2 + k + 7. Let l be i(5). What is the highest common factor of f and l?
16
Let f be 5/((-35)/14) + 58. Suppose 3*r + 121 = 4*j, 0 = 3*j + r - 43 - 38. Calculate the greatest common factor of f and j.
28
Let w(r) = -7*r + 1. Let o be w(-1). Suppose -g = g - o. Let i be (6/(-4))/(g/(-32)). Calculate the greatest common divisor of i and 132.
12
Suppose 2*u - u - 4*g = 484, 0 = -5*u - g + 2441. What is the highest common divisor of 61 and u?
61
Let a = -269 + 284. Let q = -11 + 16. Suppose -4*s + o = -297, -4*o + 152 = q*s - 235. Calculate the greatest common divisor of a and s.
15
Suppose 0 = 9*b - 6*b - 48. Suppose 5*k + 6 = b. Let g be ((-4)/k)/(-2) - -9. What is the greatest common divisor of 70 and g?
10
Suppose -3360 = -23*w + 7*w. Calculate the highest common divisor of 84 and w.
42
Let u = -25 - -5. Let x be (32/40)/((-2)/u). What is the greatest common factor of 1 and x?
1
Let s be -6*(-1)/2*9. Let p be (25 + 2)*(0 - -3). What is the greatest common factor of p and s?
27
Let o = 530 - 356. What is the greatest common divisor of 6 and o?
6
Suppose 2*g = 5*d + 685, 4*d - 869 + 157 = -2*g. Calculate the highest common factor of g and 14.
14
Let l = 548 - 456. What is the greatest common factor of 23 and l?
23
Suppose -1 - 1 = 3*u - 5*k, 5*u + 5*k - 10 = 0. Let b be u - (-47 - -1) - -3. Calculate the highest common divisor of 125 and b.
25
Let d(y) = 2*y + 16. Let m be d(-5). What is the greatest common factor of m and 150?
6
Let f = 7 - -2. Let u(l) = -l**3 + 16*l**2 - 28*l + 5. Let n be u(14). Let q be (-2116)/(-115) + (-2)/n. What is the highest common divisor of f and q?
9
Suppose -312*x = -331*x + 190. Calculate the greatest common factor of 670 and x.
10
Let d be -3*4/24*-98 - 7. What is the greatest common factor of d and 72?
6
Let c = 1952 + -1937. Calculate the highest common factor of c and 375.
15
Suppose -17 = 3*l + 4*y - 7, -5*l + 2*y - 8 = 0. Let m be (120/(-45))/(l/27). Calculate the greatest common divisor of m and 3.
3
Let n = -24 + 37. Calculate the highest common factor of n and 13.
13
Suppose -78*n = -80*n + 108. Calculate the greatest common factor of n and 378.
54
Let i be 2*2/4 - -8. Let f be 536/201*(-6)/(-4). Suppose f*q + 175 = i*q. What is the highest common factor of q and 14?
7
Let w(p) = -6*p - 4. Let u be w(3). Let h be (1 + 15/(-6))*u. Let n = 51 + -48. What is the greatest common factor of n and h?
3
Let t = -113 - -127. Let q = 540 + -386. What is the greatest common divisor of q and t?
14
Suppose -2*p + 1492 + 264 = 0. Let w be p/4 + 2/4. Suppose -y - 3*x = 2*x - 35, 2*y - 2*x = 34. Calculate the highest common factor of w and y.
20
Let t = 93 - -15. What is the highest common factor of 4 and t?
4
Let o be (-1)/(-3*2/(-6)). Let f be 1/(o/1) + 1. Suppose f*u + 18 = u. What is the highest common divisor of u and 2?
2
Let b = -554 + 558. Calculate the greatest common factor of b and 316.
4
Let k = -9 + 13. Suppose 1200 = 2*r + 14*r. Suppose -r = -k*y - y. What is the greatest common factor of 3 and y?
3
Let h be (-9)/(-6) + (-3 - 111/(-2)). Suppose 4*q + h = 7*q. Calculate the greatest common factor of q and 54.
18
Suppose -6*m + 3*m = -12. Suppose 15 = m*w - w. Suppose -s = -5*x + 194, 199 = w*x + 3*s + s. What is the highest common factor of 26 and x?
13
Let d(h) = h**2 - h - 4. Let f be d(3). Suppose 4*c = f*x - 156, c + 20 = -3*c. What is the highest common factor of 34 and x?
34
Suppose 13*u + 38 - 324 = 0. What is the greatest common divisor of 858 and u?
22
Let u(s) = 22*s - 36. Let d be u(22). What is the highest common divisor of 320 and d?
64
Suppose 4*y - 12 = 0, 7*w = 9*w - y - 141. Calculate the highest common divisor of w and 408.
24
Let b be (-3 + 2)*(-20 - 0). Let h be 119/68*15/(-21)*(1 + -5). What is the highest common factor of h and b?
5
Suppose 8*k + 2496 = 11*k - 3*u, -k - 3*u + 852 = 0. Calculate the greatest common factor of k and 27.
27
Let i(h) = 200*h**2 + 9*h - 1. Let c be i(1). Calculate the greatest common divisor of 78 and c.
26
Let z(b) = 38*b + 11. Let o be z(2). Suppose v + 5*w = 20, 26 = -4*v - w + o. What is the highest common divisor of v and 35?
5
Let p(a) = -a**3 - 15*a**2 - 14*a + 7. Let j(q) = -q**2 - 3*q - 4. Let x be j(-5). Let r be p(x). Calculate the greatest common divisor of 77 and r.
7
Suppose -5*a + 2*i = -0*i - 22, -4*i - 8 = -a. Let v be 1/(3/4)*(a - -2). What is the greatest common factor of v and 1?
1
Let n be 2/2*(7 + (2 - 5)). Suppose n*g + 5*j - 7 = 75, -g = -5*j - 8. What is the greatest common divisor of 2 and g?
2
Let n(u) = -1 - 71*u - 1 + 178*u. Let p be n(3). Calculate the highest common factor of p and 29.
29
Suppose 5*b + 3*g - 35 = 85, 0 = 4*b - 2*g - 96. Let t = b - -218. What is the highest common divisor of t an